f i.
7, 5147
Let g be 6/3*5/2. Suppose -3738 = -g*t - 2*o + o, 2*t = -2*o + 1500. List the prime factors of t.
3, 83
Let p(y) = 10*y**3 - 4*y**2 - 3*y. Suppose 0 = 3*t - 0 - 3. Let r = t + 2. What are the prime factors of p(r)?
3, 5
Let a be (-2)/(-7) - 1*40806/(-63). Let k = a - 496. What are the prime factors of k?
2, 19
List the prime factors of 1005/(-2)*(-90984)/510.
2, 3, 67, 223
Let u = 284 + -282. Suppose -778 = -f - f - u*y, -5*f + 4*y + 1963 = 0. List the prime factors of f.
17, 23
Let y(c) = -24410*c + 10. Let b be y(-1). Suppose -b = -35*p - 9*p. What are the prime factors of p?
3, 5, 37
What are the prime factors of (-433350)/(-35) - ((-315)/(-49) + -6)?
3, 4127
Let y = -668 - -1806. Let k = -671 + y. Let f = -276 + k. What are the prime factors of f?
191
Let n = 64359 + -630. What are the prime factors of n?
3, 73, 97
Suppose -70 = -4*u + 70. Suppose -7*r + 2*r = u. List the prime factors of ((-28)/r + -1)*32*2.
2, 3
Suppose 0 = 4*y - 10*y - 5460. Let b = y + 1607. List the prime factors of b.
17, 41
Suppose -2*q - a = 6, -6 = 4*q + 5*a - 6*a. What are the prime factors of (-1815)/q + (11 - 8)/6?
2, 227
Let j(r) = 99*r**3 + 10*r**2 - 34*r + 75. List the prime factors of j(7).
2, 3, 2857
Suppose -35*u - 4*u = -195. Suppose 947 = r - 2*k, -u*r - 5*k + 2874 = -2*r. What are the prime factors of r?
953
Let p be (-6)/39 + (-39234)/(-169). Suppose 0 = -2*c + 4, -5*f + 26 = c + 2*c. Suppose 5*y - p = -2*u, -f*y = -4*u - 0*u - 180. List the prime factors of y.
2, 23
Suppose 5*b + 30 = -3*f, b + f = -f - 13. Let k(l) be the first derivative of -3*l**4/2 - l**3 + 3*l**2 + 11*l - 23. List the prime factors of k(b).
2
Let v = -139 - -263. Suppose 0 = -21*r + 34*r + 312. Let t = r + v. What are the prime factors of t?
2, 5
Let y(p) = -p**2 + 30*p + 81. Let o be y(32). Suppose o*r = 33*r - 14256. List the prime factors of r.
3, 11
Let d be 2/10 - 7/((-140)/876). Suppose -h + 4*u = -5*h + d, -14 = -2*h + 2*u. Suppose -340 + 7 = -h*n. List the prime factors of n.
37
Suppose 3*p - 2*u - 8088 = 0, -4*p + 16*u + 10774 = 15*u. What are the prime factors of p?
2, 673
Suppose 2*i = -4, 24045 + 28299 = 5*o + 3*i. List the prime factors of o.
2, 3, 5, 349
Let k be (-4)/6 + 286/(-39). What are the prime factors of (k - -11)/(-1 - -2)?
3
Suppose 0 = 4*d - d + 3. Let m be (-2)/(d + 2) - -6. Suppose -38 = m*y - 122. List the prime factors of y.
3, 7
Suppose 0 = u - 4, -5*a - 49 = -u - 0*u. Suppose 436 = 5*g - 3*j, -4*g - 4*j + 0*j + 336 = 0. Let k = g + a. What are the prime factors of k?
7, 11
Let x(z) = 5555*z**2 - 2*z + 2. What are the prime factors of x(-1)?
3, 17, 109
Suppose 101*l - 4418723 = 622995. List the prime factors of l.
2, 11, 2269
Suppose 0 = -11*f - 6*f + 34. Suppose -3*g - 2*x = -18 - 3, -f*x - 4 = -2*g. Suppose -458 - 374 = -g*r - 3*u, 2*r - 333 = -u. What are the prime factors of r?
167
Let u = -22 - -33. Suppose 17*p - u*p - 24 = 0. Suppose 4*w + p*w = 320. What are the prime factors of w?
2, 5
Let x(r) = 19*r**2 - 4*r - 21. Let v be x(-5). Suppose 4*i = 4*g - g - v, 4*i + 12 = 0. Suppose g = 2*z + 5*z. List the prime factors of z.
2, 11
Suppose 7668 = 11*j + 25*j. List the prime factors of j.
3, 71
Let q(v) = 20*v**2 - 59*v + 115. List the prime factors of q(12).
2287
Let y = 5292 - 5274. Suppose -2*m = 2*m - 2*f + 8, -5*f = 4*m - 20. What are the prime factors of y/6 + m + (183 - 1)?
5, 37
Let x be (-1668)/(-24)*(-1 + 9). Suppose -1782 = x*y - 562*y. What are the prime factors of y?
3, 11
Suppose 30 = -5*h - 4*y, -9*h - 35 = -5*h + y. What are the prime factors of (-5 - -1) + (9396/6 - h)?
2, 3, 131
Suppose -27*f + 1837119 - 579919 = 85*f. What are the prime factors of f?
5, 449
Let k be (-13 - -14)/(2/806). Suppose 0 = -6*x + 3*x + 2*a + 1244, 0 = x - 3*a - k. List the prime factors of x.
2, 11, 19
Let k(l) = 171*l**2 - 29*l + 127. Let i be k(5). Let m = i + -2511. List the prime factors of m.
2, 3, 97
Let u(m) = -29*m + 143. Let r(q) = q**3 + 55*q**2 + 53*q - 66. Let z be r(-54). List the prime factors of u(z).
491
List the prime factors of 9/(-6) + (-337470)/(-12) - 40/5.
3, 9371
Let z(s) = s**3 + 9*s**2 - 15*s + 16. Let u be z(-11). Let p = 68 + u. What are the prime factors of 0 + 109 - 1 - (p + -8)?
109
Let k(r) = -r**3 + 73*r**2 - 41*r + 1820. List the prime factors of k(52).
2, 3, 13, 181
Suppose -112922 = -38*i - 22216. List the prime factors of i.
7, 11, 31
What are the prime factors of 243444/48 + 9/36?
2, 317
Suppose -4*z + 2121 = -5*r + 298, z - 5*r - 452 = 0. Suppose -z = -4*k - 101. List the prime factors of k.
89
Suppose -9*k = 2479 + 2264. Let t = -152 - k. What are the prime factors of t?
3, 5
Let f(w) = -w**3 - 13*w**2 + 3*w + 31. Let s be f(-12). Let l = s + 156. Suppose -517 - 330 = -l*p. List the prime factors of p.
11
Let w(r) = -20*r - 115. Suppose -4*c - 5*x - 13 = -2*c, -51 = 3*c - 3*x. What are the prime factors of w(c)?
3, 5, 11
Let h = -7278 + 14434. What are the prime factors of h?
2, 1789
Suppose -2 = h, -2*r - 3*h = -7*r + 12216. Let n = -1615 + r. What are the prime factors of n?
827
Let s(b) = 2*b - 13. Let n(v) = 8*v - 38. Let o(m) = 4*n(m) - 14*s(m). What are the prime factors of o(38)?
2, 7, 13
Let j(h) = -3*h**3 - 5*h**2 - 28*h + 39. What are the prime factors of j(-8)?
3, 17, 29
Suppose l + 71118 = 3*a, -l = -1948*a + 1953*a - 118522. List the prime factors of a.
5, 11, 431
Let s = 26914 - 13411. List the prime factors of s.
3, 7, 643
Let k(j) = -884*j + 6. Let i be k(-3). Suppose -691 = 7*u - i. List the prime factors of u.
281
Let i(g) = -612*g**3 - 2*g**2 - 12*g - 26. What are the prime factors of i(-2)?
2, 7, 349
Suppose 22*i = -15*i - 0*i + 1393494. What are the prime factors of i?
2, 3, 6277
Suppose 47*o + 67*o - 72824 = 1286398. What are the prime factors of o?
11923
Let t(g) = g**2 + 14*g + 27. Let k be t(-12). Suppose -k*u + 30 = 2*w, u + 5 = 3*w - 29. List the prime factors of (-3 + 38/w)*42.
7
What are the prime factors of (-6)/((-128)/21 - (-6 + 0 + 0))?
3, 7
Let f be (1/(-4))/(-1) + 1197/76. List the prime factors of ((-8)/f*52*19)/(-1).
2, 13, 19
Let u = 399 - 272. Suppose -1144 + u = -9*a. List the prime factors of a.
113
Let c be 2/3 + 1634/114. List the prime factors of (-60)/(-24)*(0 + 18/c).
3
Suppose 24420632 = 185*h + 371*h. What are the prime factors of h?
2, 21961
Let a = 9 - 4. Suppose -a*w + 7*w - 8 = 0. Suppose -h = -w*j + 249, 0*h - 127 = -2*j + h. What are the prime factors of j?
61
List the prime factors of ((-16590)/(-120))/((-6)/8 - -1).
7, 79
Let u = 118 + 17. Suppose 28*l + u = 33*l. List the prime factors of -4*18*l/(-18).
2, 3
Suppose -1852 = -m - 90. Suppose -3*l + 2*c + 1768 = -m, -5*c = l - 1205. What are the prime factors of l?
2, 5, 59
Let v(t) = t**3 + 8*t + 11*t**2 - 1 - 10*t**2 - 3. Let h be v(7). Let u = h + -307. What are the prime factors of u?
137
Suppose u = 5, -6*u + 3*u + 3561 = g. What are the prime factors of g?
2, 3, 197
Let y(f) = 10*f**3 + 8*f**2 - 136*f - 41. List the prime factors of y(11).
3, 31, 137
Suppose -10*i = -9*i + 12*i - 1134653. List the prime factors of i.
87281
List the prime factors of -81 + 2787 - (-2)/(-2)*0.
2, 3, 11, 41
Let x(i) = 113*i + 27. Let z be x(-7). Let f be ((-9)/(-6))/((-2)/z). Suppose -9*g + 327 = -f. What are the prime factors of g?
2, 5
Let i be ((-6)/(-9))/(4/282). Let c be 323 + (4 - 4)/14. Suppose 6*j + i - c = 0. List the prime factors of j.
2, 23
Suppose 4*s + 2*w - 20560 = 0, 24*s + 2*w - 5134 = 23*s. List the prime factors of s.
2, 3, 857
Let h = -99 - -98. Let d(g) = -583*g**3 - g**2 - g. List the prime factors of d(h).
11, 53
Suppose 0*p - 7*p = -70. Suppose 1068 = p*g - 8*g. Suppose g = 10*b - 226. List the prime factors of b.
2, 19
What are the prime factors of 14840 - (-18)/288*-16?
11, 19, 71
Suppose -3*b + 2500 = 2*c, -2*c + 6208 = 3*c - 3*b. Suppose -6*k + 34 = -c. List the prime factors of k.
3, 71
Let d = 15 + -28. Let a be ((-4)/6)/((182/(-147))/d). What are the prime factors of (-10 + 1)/(a/49 - 0)?
3, 7
Suppose -19*j = -6*j - 5122. What are the prime factors of (j/(-8))/((-52)/16 - -3)?
197
List the prime factors of (-10*20/(-25) - 9)*-25144.
2, 7, 449
Let r be (1 + 1322)*(-4)/(-12). Suppose 0 = -27*u + 30*u - 2*z - 441, 3*u = 5*z + r. What are the prime factors of u?
3, 7
Suppose 0 =